. Let c = -28 + 31. Suppose 5*f - c*y - 31 = 22, -5*f + 5*y + 45 = 0. Calculate the greatest common divisor of f and h.
13
Let t be 46/(-5) + 4/(-5) + 1. Let z be 60/(-4 - t) + 1/1. Suppose 32 = -2*p + 214. Calculate the greatest common divisor of z and p.
13
Suppose -135 = 2*b - 159. Calculate the greatest common factor of b and 32.
4
Suppose 3*b = 3*a - 36, a + 0*b = -b + 12. Suppose -y + 10 = -20. What is the highest common divisor of a and y?
6
Suppose 5*b - 115 = -5*f, -5*b + 85 = 3*f + 20. Let w = 43 - f. What is the greatest common divisor of 2 and w?
2
Let u be 435/(-3 + (-18)/(-4)). Let q be 28/(-8)*29*(-2)/7. What is the highest common divisor of q and u?
29
Let w be 1573 - ((-60)/(-5) + -7). What is the highest common divisor of 49 and w?
49
Suppose -3 = y, y - 2*y = -x + 29. Let a(f) = 20*f - 31. Let j be a(6). Let v = j + -37. Calculate the greatest common divisor of v and x.
26
Let g be 20/4 + -2 - -5. Suppose -g*p = -3*p - 15. Suppose -m - p*j = -6*m + 1248, 0 = 5*j - 20. Calculate the greatest common divisor of 28 and m.
28
Let d be -6*1*(175/14 - -7). Let r = -75 - d. Calculate the greatest common divisor of 24 and r.
6
Let t(a) be the first derivative of -2*a**2 - 13*a - 12. Let s be t(-5). What is the highest common divisor of 49 and s?
7
Suppose 0 = 2*l - 156 + 36. Suppose 0 = 5*p - 30 - l. What is the greatest common divisor of p and 72?
18
Suppose -9*j = 7*j - 4320. What is the highest common divisor of j and 10?
10
Let d be 3/2*58*95/285. What is the greatest common divisor of d and 290?
29
Let s be 2108/12 + 14/(-21). Let k = 80 - 55. Calculate the highest common divisor of s and k.
25
Let w be (-83176)/(-1036) - (-2)/(-7). Calculate the greatest common divisor of 144 and w.
16
Suppose 3*c = 5*x - 25, -4*x + 15 = 5*c - x. Let n(y) = -5 - 2 - 4 + c + y**2 - 2*y. Let w be n(9). What is the greatest common factor of w and 13?
13
Let z(j) = 3*j**2 + j - 26. Let c be z(6). What is the greatest common divisor of c and 33?
11
Suppose -3*t + r + 100 = 0, -3*t - 3*r = t - 116. Let z = t + -31. Let v be (-36)/(-27)*z*9. What is the highest common divisor of v and 72?
12
Let j = 7 + 0. Suppose 2*s = 4*u - 20, 4*u + s + j = 21. Calculate the greatest common divisor of u and 16.
4
Suppose 4*n - 310 = -q + 1683, 2487 = 5*n - 3*q. Calculate the greatest common factor of 6 and n.
6
Let r(g) = 18*g + 4. Let i be r(1). Let h = -19 + i. Calculate the highest common factor of h and 6.
3
Let y(l) = -l**2 + 11*l - 10. Let m be y(10). Suppose m = -9*p + 6*p + 90. Calculate the highest common factor of p and 30.
30
Let c = -38 - -126. Let p(y) = -y**3 + 3*y**2 + 3*y - 2. Suppose 3 + 22 = 5*i, -4*l + 4*i = 12. Let q be p(l). What is the greatest common factor of c and q?
8
Suppose 0 = -0*k + k + 2*q - 544, 4*k - 2158 = q. Suppose 0*i - 5*i = -k. What is the highest common factor of i and 12?
12
Suppose d - 13 - 12 = 0. Let b = d - 22. Calculate the greatest common factor of 33 and b.
3
Let x(k) = -k**2 + 36*k + 259. Let q be x(-6). Calculate the highest common divisor of 2 and q.
1
Suppose -49*m + 51*m - 192 = 0. Calculate the greatest common factor of m and 224.
32
Let y(b) = -22*b + 9*b + 7*b + 26 - 8 + b**2. Let x be y(4). Suppose 0 = 2*v - 0*v - 4. What is the greatest common factor of v and x?
2
Suppose -2*l + 3*s = -5, -2*s + 5*s = 5*l + 1. Let h be -22*l*(4 + (-15)/6). Calculate the highest common factor of h and 22.
22
Let m be 0 + ((-3)/(-4))/(2/8). Suppose m*s + 28 = 52. Calculate the highest common divisor of 88 and s.
8
Let f(s) = 28*s**2 + s - 1. Let c(n) = n**3 - 16*n**2 + 16*n - 14. Let v be c(15). Let h be f(v). What is the highest common factor of h and 7?
7
Suppose -5*k - 15 = 0, -k + 0*k - 12 = 3*i. Let j = 17 - i. What is the greatest common divisor of 50 and j?
10
Let l(x) = x + 1. Let f be l(6). Suppose 8*k - 191 = 257. What is the highest common divisor of k and f?
7
Let t(a) be the third derivative of a**5/60 - 5*a**4/24 + a**3/3 - 4*a**2. Let h be t(8). What is the highest common divisor of h and 52?
26
Suppose 0 = s + 5 + 2. Let t(l) = l**2 + 3*l - 18. Let z be t(s). What is the greatest common divisor of z and 10?
10
Suppose 101 = 3*v + 104, -m + 7 = -2*v. Let t be (-5)/(5/(-4)) - -1. Calculate the greatest common divisor of m and t.
5
Let c be 7/(-2)*(-3116)/574. Calculate the greatest common factor of 247 and c.
19
Let d = 1099 + -507. What is the greatest common factor of 48 and d?
16
Suppose -248 = -4*v - 4*q, 4*q + 53 + 59 = 2*v. Calculate the highest common factor of 160 and v.
20
Suppose -5*l + 3*k = -2*l - 60, -73 = -5*l - 4*k. Let x = 171 - 18. Calculate the greatest common divisor of x and l.
17
Suppose k + 49 = 137. Let a be (-2)/23 - -15*(-170)/(-230). What is the greatest common factor of k and a?
11
Let s(a) = a**3 + 7*a**2 + 2*a - 12. Let k be s(-6). Suppose 0 = 8*b - 4*b - 24. Calculate the greatest common factor of k and b.
6
Let d be 92/(-28) + 3 + (-19810)/(-49). What is the highest common factor of 4 and d?
4
Let d = 7 + 11. Let n = d + -15. Suppose -3*q = 5*l - 48, -n*l - 2*q + 30 = q. Calculate the highest common factor of l and 45.
9
Let y be 20*2/36*9. What is the highest common divisor of y and 40?
10
Let j = 57 + -36. Let s = -38 + 52. What is the highest common divisor of j and s?
7
Let n = -3 + 4. Let p = 12 + n. Suppose -6*y = -5*y, -3*b = -y - 351. What is the highest common divisor of p and b?
13
Let n = -1007 + 1599. Calculate the highest common divisor of n and 37.
37
Let t(o) be the second derivative of 13*o**4/12 + 2*o**3/3 + 3*o**2/2 + 35*o. Let s be t(-1). What is the greatest common factor of 372 and s?
12
Suppose -9*c = -18 - 0. Suppose -4*v - 85 = -5*j - 5*v, 3*v = -c*j + 21. What is the highest common divisor of j and 2?
2
Suppose -3*k - 2*r = -314, 3*k - 3*r = 490 - 151. What is the greatest common factor of k and 48?
12
Let k(f) = -35*f - 1. Let a be k(-1). Calculate the highest common divisor of 272 and a.
34
Suppose -2*f = -0*f - 594. Let l be 12/15 + 131/5. What is the greatest common factor of l and f?
27
Let n = 5067 - 3037. Calculate the highest common factor of 140 and n.
70
Suppose -3*p + 7*p = 32. Let l = p + -8. Suppose -2*r = y - 23, 2*r - r + y - 11 = l. What is the highest common divisor of r and 6?
6
Let v(k) = -k**2 + 11*k - 5. Let j be v(10). Suppose -j*o = a + 9, 0 = 3*a - o + 2*o - 43. What is the greatest common divisor of a and 48?
16
Suppose 0 = -68*f + 69*f - 221. Let x = f - 89. Calculate the highest common divisor of x and 44.
44
Let n(r) = -2*r**2 + 11*r + 55. Let x be n(7). Calculate the greatest common factor of x and 8.
2
Let g(h) = -17*h**2 - 2*h - 3. Let c be g(-2). Let n = 167 + c. What is the greatest common factor of 25 and n?
25
Let n = -16 + 331. Calculate the greatest common factor of n and 140.
35
Let x = 51 - 25. Let b = 2 + x. Calculate the greatest common divisor of b and 7.
7
Suppose 408 - 123 = 5*r. What is the highest common factor of 1824 and r?
57
Let x(k) = k**3 - 9*k**2 + 16*k - 8. Let i be x(7). Suppose -2 = -i*u + 5*u. Calculate the highest common factor of u and 2.
2
Suppose -71 = -4*w - u, 4*w = -0*u + 2*u + 62. Suppose -25*c + 384 = -w*c. Calculate the greatest common factor of 6 and c.
6
Let s = 1981 - 1976. Suppose -3*i + 1 = 7. Let y(n) = -10*n. Let r be y(i). What is the highest common factor of r and s?
5
Suppose 5*j = 5*q - 115, -4*j = 2*q - 16 + 90. Let u be 4/10 + -1 + (-892)/j. What is the highest common divisor of 110 and u?
22
Let q(j) = 2 - 2*j + 2*j + 4*j**2. Let l(d) = -2*d - 18. Let g be l(-8). Let x be q(g). Calculate the highest common factor of x and 2.
2
Suppose 29*b - 16*b - 3380 = 0. Calculate the highest common divisor of b and 20.
20
Let f be (-2)/10 - 4*174/(-30). Suppose 24*c - f*c = 22. What is the greatest common factor of 44 and c?
22
Let p = -35 + 65. Let h = p - 21. Let i be (-20)/(-90) - (-205)/h. What is the greatest common divisor of 23 and i?
23
Suppose -5*h + 383 = 2*p, 18*h - 23*h + 4*p + 389 = 0. Calculate the greatest common divisor of h and 44.
11
Let h be 89/7 - 2/(-7). Suppose 2*a - 936 = -7*a. What is the greatest common divisor of a and h?
13
Suppose 0 = -f + 1, 20*j = 18*j + 3*f + 87. Calculate the highest common divisor of j and 75.
15
Let s = -864 + 1616. Calculate the highe